r of 50 and y?
50
Suppose 195 = 13*w - 8*w. Let k be 4 - ((-46)/(-6))/((-13)/w). Calculate the highest common factor of k and 63.
9
Let l be 3/4 - (-4239)/(-36). Let u = l + 229. Calculate the highest common factor of 16 and u.
16
Let g = -13 + 63. Calculate the highest common factor of 160 and g.
10
Let q be (-24)/(-9)*25/(-40)*-18. Suppose -d - g + q = -2*g, -4*d + g + 108 = 0. What is the highest common divisor of 234 and d?
26
Let t(s) = -s**2 + 12*s - 28. Let k be t(12). Let d = k + 52. Calculate the highest common factor of 168 and d.
24
Let h = 54 + -22. Suppose 0 = -p - z + h, -3*z - 91 - 37 = -4*p. What is the greatest common factor of 48 and p?
16
Let a be 4*(2 - 25/10). Let r be ((-1155)/22)/(a/8). What is the highest common divisor of r and 30?
30
Let c be 2 + 15 - ((-21)/(-3) - 5). Let i be 46/14 - (-18)/(-63). Calculate the greatest common divisor of i and c.
3
Let b = -7 - -18. Let p(g) = -g**3 - 105*g**2 - 515*g + 2. Let s be p(-5). Calculate the greatest common factor of s and b.
11
Suppose o - m = 0, 0*o + o = 2*m - 4. Let n be (-2 + -16 + 6)*-1. Calculate the greatest common factor of o and n.
4
Suppose -166 = -2*s + 266. Suppose -7*r + s = -113. Let i = r + 8. What is the greatest common divisor of i and 22?
11
Let p(g) = g**3 + 10*g**2 + 14*g - 17. Let t be p(-7). Calculate the greatest common factor of t and 176.
16
Let w be 4*7*(-72)/(-42). Suppose -3*h + 364 = 2*m, 2*m - 244 = h - 3*h. What is the greatest common divisor of h and w?
24
Let y = -34 + 50. Let t be (2 - 3)/((-8)/y). What is the greatest common divisor of 3 and t?
1
Let s = 1966 + -1964. Calculate the highest common factor of 27 and s.
1
Let z = -1248 + 1664. Calculate the greatest common divisor of z and 91.
13
Let y be (-3 - -4)/1 - -1. Let x be y/6 + (2 - (-346)/6). Calculate the highest common factor of x and 10.
10
Let q = 16 + -1. Let i(x) = x**2 + 8*x + 14. Let m be i(-6). Suppose -25 - 5 = -m*a. What is the greatest common factor of q and a?
15
Suppose -5*i = -0 + 10. Let a be (2 + i - -3) + -12. Let f be -666*(a/(-6))/(-3). What is the highest common divisor of f and 37?
37
Suppose -5*o + 5 = -20. Suppose o*i + 55 = 180. Let k = 382 - 157. What is the highest common divisor of i and k?
25
Suppose -2*u + h + 250 = 0, -2*u + 4*u = 3*h + 246. What is the highest common factor of 72 and u?
18
Let b = -75 + 207. Suppose 3*o = -16 + 52. Suppose -8*w + 9*w - o = 0. Calculate the highest common factor of b and w.
12
Let p(f) be the first derivative of -f**4/4 + 2*f**3 + f**2/2 + 7*f - 1. Let h be p(5). Let k = -25 + h. Calculate the highest common factor of 24 and k.
12
Let z = -287 - -347. Calculate the highest common factor of 390 and z.
30
Let j(p) = p**3 + 6*p**2 + 5*p + 5. Suppose -3*z - 6 - 6 = 0. Let m be j(z). Calculate the greatest common factor of 187 and m.
17
Suppose -195 = -28*z + 113. What is the highest common factor of z and 1?
1
Let w(k) = -k**3 + 21*k**2 + 23*k - 17. Let h be w(22). Suppose 0*f + h*i = -2*f + 165, 0 = 5*i + 15. Calculate the greatest common divisor of 225 and f.
45
Suppose 2*c - 429 = 3*u, -1060 = -37*c + 32*c - 5*u. What is the highest common factor of 568 and c?
71
Let d = 1299 - 1143. What is the greatest common divisor of d and 8?
4
Let z be (4/4)/(3*4/768). Calculate the highest common divisor of 96 and z.
32
Let o = 129 + -78. What is the greatest common factor of 6 and o?
3
Let z(u) = -u**3 - 34*u**2 - 91*u + 90. Let g be z(-31). Let n be (-1 - -1) + 14*2. What is the highest common divisor of g and n?
28
Let j be 6 + 2 + 2/2. Suppose 25 = -5*c, q = -q - 4*c - 92. Let y = q + 37. What is the highest common factor of y and j?
1
Let p be (-200)/12*54/(-10). What is the highest common divisor of p and 10?
10
Let b = 473 - 469. Calculate the highest common divisor of b and 580.
4
Let a = 497 + -385. Calculate the highest common factor of 64 and a.
16
Let s = 7 - 0. Suppose -4*t - s = -5*x, -4*x - t = -7*x. Let z be (154/(-55))/(x/10). Calculate the highest common factor of z and 7.
7
Let o = -640 - -658. Calculate the highest common divisor of 222 and o.
6
Suppose 10*j - 251 - 49 = 0. Calculate the greatest common divisor of 120 and j.
30
Let c = -45 + 29. Let f = 40 + c. What is the highest common divisor of 192 and f?
24
Let j(z) = z**2 + 8*z + 8. Let x be j(-10). What is the highest common factor of 259 and x?
7
Let w(q) = q**3 + 17*q**2 + 2*q + 78. Let d be w(-17). Calculate the highest common divisor of d and 220.
44
Let g(j) = 3*j**2 - 2*j - 1. Let q be g(-1). Suppose 0 = r + q*r. Suppose -c + 9 + 3 = r. What is the greatest common divisor of c and 12?
12
Let n(k) = -k + 20. Let i be n(5). Calculate the greatest common divisor of 2 and i.
1
Let k be -28 - -26 - (-33 + (-1 - 1)). Suppose h - 88 = 44. Calculate the greatest common divisor of h and k.
33
Let r be (114/15 + 2)/((-32)/(-2080)). What is the greatest common divisor of 8 and r?
8
Suppose -103*c = -70*c - 627. Suppose -4*s - 1 = -9. Let q(i) = 10*i**3 - 2*i. Let h be q(s). Calculate the highest common factor of h and c.
19
Suppose -6*o = o - 0*o. Suppose 4*g - 8 = o, 0 = 5*a + 4*g - 189 - 589. What is the highest common factor of a and 14?
14
Let y be (-322)/16 + 1/8. Let t be (-2)/10 + (-44)/y. Suppose -3*b = a - 0*b - 19, -t*b = a - 18. Calculate the highest common factor of a and 8.
8
Suppose 5*s - 156 = s. Let h = -28 + 67. Calculate the highest common factor of h and s.
39
Let d(b) = -2*b**2 + 89*b - 179. Let t be d(42). Calculate the highest common factor of 558 and t.
31
Suppose -3*o - 14*o = -5355. What is the greatest common divisor of 189 and o?
63
Let m be 42/28*(-4)/3. Let a be ((-6)/3 - m) + -22. Let v = a + 37. What is the greatest common divisor of 5 and v?
5
Let x(t) = t**3 + 8*t**2 - 7*t + 25. Let f be x(-9). Calculate the highest common factor of 21 and f.
7
Let u(c) = -c + 17. Let v be u(0). Suppose -48 = g - 52. Suppose 0 = -4*q - 3*w + 488, -2*q + 48 = g*w - 206. What is the highest common divisor of v and q?
17
Let v = -130 - -221. Suppose 149 = 6*c - v. Calculate the highest common divisor of 5 and c.
5
Let t(r) = -2*r + 4. Let q be t(-4). Let a be 12/20*(11 - 6). Let i be 8 + 1 + (6 - a). Calculate the highest common divisor of i and q.
12
Let u(p) = p**2 - 1. Let s be u(-1). Suppose 4*t - 5*w - 1 = 0, t + s*w = w + 1. Suppose 3*d - t = d. What is the highest common divisor of d and 2?
2
Let a(y) = y**3 + 14*y**2 - 2*y + 1. Suppose 3*z = 2*z - 14. Let s be a(z). Let u = -8 + s. What is the greatest common divisor of 231 and u?
21
Let u = -344 - -425. What is the highest common factor of u and 648?
81
Let j be (-26)/12 + 3/18. Let r = -8 + 11. Let z = j + r. Calculate the highest common divisor of 4 and z.
1
Let x = 686 - 28. Calculate the highest common factor of 42 and x.
14
Let f(s) = -s**2 + 109*s - 358. Let h be f(68). What is the highest common factor of h and 180?
90
Let u(i) = -2*i + 37. Suppose 5*z - 27 = 2*z. Let s be u(z). What is the greatest common factor of s and 38?
19
Let f = 579 + -201. Calculate the greatest common divisor of 70 and f.
14
Let g(s) = 2*s**2 - 26*s - 17. Let l be g(13). Suppose -4*b + 8*j + 81 = 3*j, -63 = -3*b + 3*j. Let t = l + b. What is the highest common factor of t and 1?
1
Let d(v) = -2*v**3 - 12*v**2 + 7*v - 3. Let i be d(-7). Calculate the highest common factor of i and 69.
23
Let b be 12*(-3)/(0 + -9). Suppose 4*h = h, -2*s + b*h + 30 = 0. Calculate the highest common factor of s and 5.
5
Let y be (47 + (-2 - 0))/1. Calculate the highest common factor of y and 25.
5
Suppose -m + 31 = -63. Calculate the highest common factor of m and 47.
47
Suppose 4*g + 4*j + 33 = 213, -5*g = -4*j - 252. What is the greatest common divisor of 108 and g?
12
Let z = 29 - 33. Let v(y) = -4*y - 6. Let j be v(z). Let r = -1 + 3. What is the highest common factor of j and r?
2
Suppose -3*p + l + 4 = -63, 2*p - 2*l = 42. Suppose 4*k - 163 = -p. What is the greatest common factor of 14 and k?
7
Suppose 2*g - 6 = -4*t, 4*t - t + 54 = 5*g. What is the greatest common divisor of 36 and g?
9
Let w be -4*(-3)/(-3)*77/(-4). Calculate the highest common divisor of 44 and w.
11
Suppose 0*h - 15 = -5*h, -5*f - h + 43 = 0. Let r be 2/4 - (-6)/((-96)/(-248)). What is the greatest common factor of r and f?
8
Let q be 18/8